{"id":28,"date":"2011-06-07T18:24:00","date_gmt":"2011-06-07T18:24:00","guid":{"rendered":"http:\/\/bromasymasbromas.com\/?page_id=28"},"modified":"2023-05-31T13:12:54","modified_gmt":"2023-05-31T13:12:54","slug":"preguntas-frecuentes","status":"publish","type":"page","link":"https:\/\/bromasymasbromas.com\/?page_id=28","title":{"rendered":"PREGUNTAS FRECUENTES"},"content":{"rendered":"<h4><span style=\"color: #000000;\">&nbsp;<strong>1-Cuales comercios mercadean nuestros productos?&nbsp;&nbsp;<\/strong><\/span><\/h4>\n<h4><strong>&nbsp;<\/strong><strong>Tiendas de conveniencia, gasolineras, farmacias, colmados y supermercados, peque\u00f1as tiendas en hoteles y panader\u00edas.<\/strong><\/h4>\n<h4><span style=\"color: #000000;\"><strong>2-Donde se puede ver el catalogo de nuestros productos y como se pueden comunicar con nosotros?&nbsp;&nbsp;<\/strong><\/span><\/h4>\n<h4><strong>&nbsp;<\/strong><strong>Se pueden comunicar con <\/strong><strong>nosotros dej\u00e1ndonos mensaje en nuestra p\u00e1gina de internet o a nuestro numero de tel\u00e9fono (787)637-5825. Un vendedor lo visitara con toda nuestra amplia variedad.<\/strong><\/h4>\n<h4><span style=\"color: #000000;\"><strong>3-Ademas de juguetes&#8230;&#8230;.que otros productos vendemos?&nbsp;&nbsp;<\/strong><\/span><\/h4>\n<h4><strong>&nbsp;<\/strong><strong>&nbsp;<\/strong><strong>Tenemos todo tipo de bromas, llaveros, pulseras, gafas,&nbsp;carritos y aviones de escala.<\/strong><\/h4>\n<h4><strong><span style=\"color: #000000;\">4- Cuales tama\u00f1os de &#8220;racks&#8221; tenemos disponibles?<\/span><\/strong><\/h4>\n<h4><strong>&nbsp;<\/strong><strong>&nbsp;<\/strong><strong>&#8220;Racks&#8221; de piso y &#8220;racks&#8221; de mostrador. Si el cliente tiene alguna g\u00f3ndola disponible, nos acomodamos al \u00e1rea.<\/strong><\/h4>\n<p><strong><\/strong><\/p>\n<p><strong><a href=\"http:\/\/bromasymasbromas.com\/wp-content\/uploads\/2011\/06\/1665.jpg\"><img loading=\"lazy\" decoding=\"async\" class=\"alignleft size-medium wp-image-189\" title=\"OLYMPUS DIGITAL CAMERA\" src=\"http:\/\/bromasymasbromas.com\/wp-content\/uploads\/2011\/06\/1665-200x300.jpg\" alt=\"\" width=\"180\" height=\"270\" srcset=\"https:\/\/bromasymasbromas.com\/wp-content\/uploads\/2011\/06\/1665-200x300.jpg 200w, https:\/\/bromasymasbromas.com\/wp-content\/uploads\/2011\/06\/1665.jpg 500w\" sizes=\"auto, (max-width: 180px) 100vw, 180px\" \/><\/a><a href=\"http:\/\/bromasymasbromas.com\/wp-content\/uploads\/2011\/06\/1677.jpg\"><\/a><a href=\"http:\/\/bromasymasbromas.com\/wp-content\/uploads\/2011\/06\/1677.jpg\"><\/a><a href=\"http:\/\/bromasymasbromas.com\/wp-content\/uploads\/2011\/06\/2459.jpg\"><img loading=\"lazy\" decoding=\"async\" class=\"alignright size-medium wp-image-269\" title=\"2459\" src=\"http:\/\/bromasymasbromas.com\/wp-content\/uploads\/2011\/06\/2459-150x300.jpg\" alt=\"\" width=\"150\" height=\"300\"><\/a><a href=\"http:\/\/bromasymasbromas.com\/wp-content\/uploads\/2011\/06\/1664.jpg\"><img loading=\"lazy\" decoding=\"async\" class=\"aligncenter size-medium wp-image-188\" title=\"1664\" src=\"http:\/\/bromasymasbromas.com\/wp-content\/uploads\/2011\/06\/1664-200x300.jpg\" alt=\"\" width=\"180\" height=\"270\" srcset=\"https:\/\/bromasymasbromas.com\/wp-content\/uploads\/2011\/06\/1664-200x300.jpg 200w, https:\/\/bromasymasbromas.com\/wp-content\/uploads\/2011\/06\/1664.jpg 500w\" sizes=\"auto, (max-width: 180px) 100vw, 180px\" \/><\/a><\/strong><\/p>\n","protected":false},"excerpt":{"rendered":"<p>&nbsp;1-Cuales comercios mercadean nuestros productos?&nbsp;&nbsp; &nbsp;Tiendas de conveniencia, gasolineras, farmacias, colmados y supermercados, peque\u00f1as tiendas en hoteles y panader\u00edas. 2-Donde se puede ver el catalogo de nuestros productos y como se pueden comunicar con nosotros?&nbsp;&nbsp; &nbsp;Se pueden comunicar con nosotros dej\u00e1ndonos mensaje en nuestra p\u00e1gina de internet o a nuestro numero de tel\u00e9fono (787)637-5825. Un &#8230; <a title=\"PREGUNTAS FRECUENTES\" class=\"read-more\" href=\"https:\/\/bromasymasbromas.com\/?page_id=28\">Read more<span class=\"screen-reader-text\">PREGUNTAS FRECUENTES<\/span><\/a><\/p>\n","protected":false},"author":1,"featured_media":0,"parent":0,"menu_order":0,"comment_status":"closed","ping_status":"closed","template":"","meta":{"footnotes":""},"class_list":["post-28","page","type-page","status-publish"],"_links":{"self":[{"href":"https:\/\/bromasymasbromas.com\/index.php?rest_route=\/wp\/v2\/pages\/28","targetHints":{"allow":["GET"]}}],"collection":[{"href":"https:\/\/bromasymasbromas.com\/index.php?rest_route=\/wp\/v2\/pages"}],"about":[{"href":"https:\/\/bromasymasbromas.com\/index.php?rest_route=\/wp\/v2\/types\/page"}],"author":[{"embeddable":true,"href":"https:\/\/bromasymasbromas.com\/index.php?rest_route=\/wp\/v2\/users\/1"}],"replies":[{"embeddable":true,"href":"https:\/\/bromasymasbromas.com\/index.php?rest_route=%2Fwp%2Fv2%2Fcomments&post=28"}],"version-history":[{"count":6,"href":"https:\/\/bromasymasbromas.com\/index.php?rest_route=\/wp\/v2\/pages\/28\/revisions"}],"predecessor-version":[{"id":1437,"href":"https:\/\/bromasymasbromas.com\/index.php?rest_route=\/wp\/v2\/pages\/28\/revisions\/1437"}],"wp:attachment":[{"href":"https:\/\/bromasymasbromas.com\/index.php?rest_route=%2Fwp%2Fv2%2Fmedia&parent=28"}],"curies":[{"name":"wp","href":"https:\/\/api.w.org\/{rel}","templated":true}]}}